True
Is 67 a factor of 3637698?
True
Is 7098970 a multiple of 19?
True
Does 108 divide 48816?
True
Is 7 a factor of 10020990?
True
Is 907060 a multiple of 308?
True
Does 6 divide 98220?
True
Is 505449 a multiple of 9?
True
Is 73 a factor of 9230412?
True
Does 19 divide 4180475?
True
Is 18 a factor of 26652323?
False
Does 1898 divide 5749042?
True
Is 730528 a multiple of 74?
True
Is 7811 a multiple of 879?
False
Is 1178248 a multiple of 393?
False
Is 711896 a multiple of 46?
True
Is 8 a factor of 270560?
True
Is 70231 a multiple of 20?
False
Does 15 divide 662368?
False
Is 35 a factor of 3756305?
True
Is 163 a factor of 6041926?
False
Is 290928 a multiple of 29?
True
Is 26 a factor of 321438?
True
Does 7 divide 427263?
False
Is 121 a factor of 1968186?
True
Is 327 a factor of 329616?
True
Is 3238457 a multiple of 1582?
False
Is 3 a factor of 33465?
True
Does 17 divide 5030178?
False
Is 1454281 a multiple of 153?
False
Is 462782 a multiple of 81?
False
Is 11142125 a multiple of 738?
False
Is 48 a factor of 150720?
True
Does 16 divide 5862736?
True
Is 517 a factor of 461164?
True
Is 8334480 a multiple of 112?
True
Is 145 a factor of 567385?
True
Does 26 divide 10416?
False
Is 5754783 a multiple of 59?
False
Is 111 a factor of 3219879?
False
Is 4051537 a multiple of 14?
False
Does 40 divide 131354?
False
Is 612 a factor of 5798088?
True
Is 75641 a multiple of 26?
False
Does 35 divide 143919?
False
Does 19 divide 70224?
True
Is 35836 a multiple of 8?
False
Is 612244 a multiple of 2?
True
Is 9132162 a multiple of 84?
False
Does 21 divide 1428?
True
Is 30 a factor of 729390?
True
Does 324 divide 235446?
False
Is 900 a factor of 283500?
True
Does 20 divide 1095020?
True
Does 13 divide 26988289?
False
Is 85 a factor of 715955?
True
Is 3708 a multiple of 4?
True
Does 11 divide 288574?
True
Is 88562 a multiple of 15?
False
Is 29 a factor of 137068?
False
Is 9 a factor of 808894?
False
Is 63 a factor of 434?
False
Does 10 divide 5776089?
False
Is 222758 a multiple of 140?
False
Is 212 a factor of 5388908?
False
Does 153 divide 17229105?
False
Is 15 a factor of 450180?
True
Does 22 divide 880902?
True
Does 7 divide 3419750?
False
Does 181 divide 2768214?
True
Is 4622280 a multiple of 78?
True
Is 10 a factor of 1065610?
True
Is 93 a factor of 1418880?
False
Does 36 divide 544968?
True
Does 26 divide 30785?
False
Is 92 a factor of 789684?
False
Is 10 a factor of 1563070?
True
Does 659 divide 595772?
False
Is 6 a factor of 2674713?
False
Is 228 a factor of 14068056?
True
Does 151 divide 972591?
True
Is 41170 a multiple of 46?
True
Is 15 a factor of 8595540?
True
Is 16072155 a multiple of 27?
True
Is 41 a factor of 4551275?
False
Is 53 a factor of 73829?
True
Does 26 divide 2488228?
False
Does 35 divide 317380?
True
Is 676820 a multiple of 3?
False
Is 58 a factor of 772399?
False
Is 13923 a multiple of 51?
True
Is 19 a factor of 166478?
True
Is 6 a factor of 1445245?
False
Is 143 a factor of 1982587?
False
Does 8 divide 556208?
True
Does 67 divide 333482?
False
Is 437346 a multiple of 267?
True
Is 190 a factor of 2720225?
False
Is 210 a factor of 1504903?
False
Is 8 a factor of 10128?
True
Is 15 a factor of 215685?
True
Is 28 a factor of 5390555?
False
Does 250 divide 20491?
False
Is 4298607 a multiple of 35?
False
Does 1176 divide 1688736?
True
Is 36 a factor of 447624?
True
Is 1253694 a multiple of 146?
False
Is 2431527 a multiple of 384?
False
Is 7 a factor of 141890?
True
Is 83226 a multiple of 97?
True
Does 175 divide 4674158?
False
Does 18 divide 141318?
True
Does 56 divide 266504?
True
Is 219 a factor of 445446?
True
Does 183 divide 214110?
True
Is 18 a factor of 473110?
False
Does 367 divide 14908?
False
Is 8473 a multiple of 37?
True
Does 10 divide 272130?
True
Is 188 a factor of 8319000?
True
Is 2260994 a multiple of 1119?
False
Does 5 divide 6002725?
True
Is 425158 a multiple of 52?
False
Is 90 a factor of 736200?
True
Is 1773486 a multiple of 234?
True
Is 709104 a multiple of 187?
True
Does 39 divide 138450?
True
Is 256 a factor of 54324?
False
Is 167914 a multiple of 15?
False
Is 103 a factor of 125458?
False
Is 7318212 a multiple of 33?
True
Does 37 divide 70596?
True
Is 295665 a multiple of 345?
True
Is 1501169 a multiple of 71?
False
Is 1326359 a multiple of 98?
False
Does 8 divide 2150281?
False
Is 3605825 a multiple of 26?
False
Does 214 divide 502472?
True
Does 8 divide 3880?
True
Is 10 a factor of 8471?
False
Is 21 a factor of 1476195?
True
Is 5 a factor of 114574?
False
Is 714811 a multiple of 53?
True
Is 25 a factor of 8758092?
False
Is 45 a factor of 2471466?
False
Is 284 a factor of 299904?
True
Does 18 divide 14130?
True
Is 10 a factor of 145532?
False
Is 177660 a multiple of 27?
True
Does 2168 divide 19420944?
True
Is 13 a factor of 292448?
True
Does 29 divide 446107?
True
Does 22 divide 238612?
True
Is 526036 a multiple of 157?
False
Does 186 divide 188984?
False
Is 7170516 a multiple of 13?
False
Does 269 divide 1051196?
False
Is 337 a factor of 129901?
False
Is 12 a factor of 4248?
True
Is 617589 a multiple of 16?
False
Is 18 a factor of 8807698?
False
Does 25 divide 49064?
False
Is 3306 a multiple of 19?
True
Is 13 a factor of 271141?
True
Does 33 divide 487478?
False
Is 15723 a multiple of 9?
True
Does 2 divide 171428?
True
Is 7270428 a multiple of 22?
True
Is 1715235 a multiple of 205?
True
Is 6888336 a multiple of 83?
True
Is 58 a factor of 105966?
True
Is 57 a factor of 134235?
True
Is 99109 a multiple of 391?
False
Is 337 a factor of 213917?
False
Is 16 a factor of 379336?
False
Is 1610028 a multiple of 6?
True
Is 811 a factor of 1189443?
False
Is 1345 a factor of 294555?
True
Is 17150 a multiple of 35?
True
Is 251 a factor of 7001896?
True
Is 4563572 a multiple of 12?
False
Is 1884307 a multiple of 103?
False
Is 212878 a multiple of 326?
True
Is 151930 a multiple of 68?
False
Is 367167 a multiple of 10?
False
Does 82 divide 123000?
True
Is 46 a factor of 19688789?
False
Is 481 a factor of 10888397?
True
Is 3145596 a multiple of 1252?
False
Is 178 a factor of 154495?
False
Is 21 a factor of 1088010?
True
Is 11 a factor of 522346?
True
Is 22 a factor of 597697?
False
Does 2 divide 83799?
False
Is 118 a factor of 184316?
True
Is 62 a factor of 105906?
False
Is 58325 a multiple of 3?
False
Does 23 divide 19343?
True
Is 39429 a multiple of 198?
False
Is 37 a factor of 98088?
False
Is 197 a factor of 1129204?
True
Is 21219457 a multiple of 99?
False
Does 50 divide 975950?
True
Is 49 a factor of 661551?
False
Does 12 divide 2292096?
True
Does 77 divide 1624839?
False
Is 13326194 a multiple of 643?
False
Does 40 divide 10092397?
False
Is 434 a factor of 1942824?
False
Does 418 divide 148610?
False
Is 64875 a multiple of 15?
True
Is 39 a factor of 16926?
True
Is 1212240 a multiple of 40?
True
Does 121 divide 196590?
False
Does 14 divide 836164?
True
Does 17 divide 189999?
False
Is 587237 a multiple of 185?
False
Does 103 divide 15347?
True
Is 4 a factor of 4821864?
True
Is 143788 a multiple of 103?
True
Does 77 divide 686147?
True
Does 109 divide 619883?
True
Is 462 a multiple of 90?
False
Is 274 a factor of 2205170?
False
Does 120 divide 490800?
True
Is 334 a factor of 223780?
True
Is 97212 a multiple of 220?
False
Does 86 divide 457780?
False
Is 514 a factor of 2995078?
True
Is 285 a factor of 16365?
False
Is 3620366 a multiple of 16?
False
Does 78 divide 419952?
True
Is 24 a factor of 12096?
True
Does 183 divide 2444837?
False
Is 164 a factor of 1283549?
False
Is 136 a factor of 133179?
False
Is 1637905 a multiple of 90?
False
Is 149 a factor of 12205?
False
Does 5 divide 493206?
False
Does 4 divide 58108?
True
Is 24 a factor of 119048?
False
Does 13 divide 572143?
True
Does 101 divide 292294?
True
Is 13924 a multiple of 59?
True
Is 111 a factor of 195249?
True
Is 20 a factor of 132160?
True
Is 47961 a multiple of 51?
False
Does 4 divide 161129?
False
Is 48340 a multiple of 73?
False
Does 7 divide 3812988?
False
Is 11 a factor of 54208?
True
Is 1983938 a multiple of 11?
True
Is 22 a factor of 2157408?
True
Is 31760 a multiple of 16?
True
Is 52 a factor of 3744?
True
Is 6 a factor of 662586?
True
Does 327 divide 942414?
True
Does 12 divide 1901688?
True
Does 106 divide 171269?
False
Is 39 a factor of 1915446?
True
Is 553878 a 